{"id":19,"date":"2022-02-08T16:54:59","date_gmt":"2022-02-08T15:54:59","guid":{"rendered":"http:\/\/bjuvsue.cluster031.hosting.ovh.net\/?page_id=19"},"modified":"2022-03-11T21:38:51","modified_gmt":"2022-03-11T20:38:51","slug":"etudier-a-saint-nazaire","status":"publish","type":"page","link":"https:\/\/escale-coloc.fr\/index.php\/etudier-a-saint-nazaire\/","title":{"rendered":"Etudier \u00e0 Saint-Nazaire"},"content":{"rendered":"\n<p>Situ\u00e9 au bord de la mer, Saint-Nazaire est une ville calme pr\u00e9sentant de nombreux \u00e9tablissements d&rsquo;enseignement sup\u00e9rieur. La colocation est situ\u00e9 \u00e0 <strong>moins de 5 minutes \u00e0 pied du paquebot num\u00e9rique<\/strong>, lieux h\u00e9bergeant l&rsquo;\u00e9cole d&rsquo;ing\u00e9nieur CESI ainsi que des commerces de proximit\u00e9s. La ligne de bus \u00e0 haut niveau de service H\u00e9lyce passant au pied de la r\u00e9sidence vous emm\u00e8nera jusqu&rsquo;aux campus d&rsquo;Heinlex (IUT) et de Gavy (Polytech).<\/p>\n\n\n\n<figure class=\"wp-block-pullquote\"><blockquote><p>La t\u00eate dans les \u00e9tudes, les pieds dans le sable<\/p><\/blockquote><\/figure>\n\n\n\n<h2 class=\"wp-block-heading\">Saint-Nazaire : Renversante !<\/h2>\n\n\n\n<p>D\u00e9couvrez la ville via l&rsquo;office de tourisme : <a href=\"https:\/\/www.saint-nazaire-tourisme.com\/\" target=\"_blank\" rel=\"noreferrer noopener\">https:\/\/www.saint-nazaire-tourisme.com\/<\/a><\/p>\n\n\n\n<div class=\"wp-block-columns is-layout-flex wp-container-core-columns-is-layout-9d6595d7 wp-block-columns-is-layout-flex\">\n<div class=\"wp-block-column is-layout-flow wp-block-column-is-layout-flow\">\n<div class=\"wp-block-image\"><figure class=\"aligncenter size-medium\"><img loading=\"lazy\" decoding=\"async\" width=\"300\" height=\"300\" src=\"https:\/\/escale-coloc.fr\/wp-content\/uploads\/2022\/03\/Capture-de\u0301cran-2022-03-11-a\u0300-17.34.55-300x300.png\" alt=\"\" class=\"wp-image-113\" srcset=\"https:\/\/escale-coloc.fr\/wp-content\/uploads\/2022\/03\/Capture-de\u0301cran-2022-03-11-a\u0300-17.34.55-300x300.png 300w, https:\/\/escale-coloc.fr\/wp-content\/uploads\/2022\/03\/Capture-de\u0301cran-2022-03-11-a\u0300-17.34.55-150x150.png 150w, https:\/\/escale-coloc.fr\/wp-content\/uploads\/2022\/03\/Capture-de\u0301cran-2022-03-11-a\u0300-17.34.55.png 330w\" sizes=\"auto, (max-width: 300px) 100vw, 300px\" \/><\/figure><\/div>\n\n\n\n<div class=\"wp-block-buttons is-content-justification-center is-layout-flex wp-container-core-buttons-is-layout-16018d1d wp-block-buttons-is-layout-flex\">\n<div class=\"wp-block-button is-style-primary\"><a class=\"wp-block-button__link\" href=\"https:\/\/www.saint-nazaire-tourisme.com\/decouvrir\/decouvrir-la-mer\/saint-nazaire-et-ses-plages\/\" target=\"_blank\" rel=\"noreferrer noopener\">D\u00e9couvrez la ville <br>aux 20 plages<\/a><\/div>\n<\/div>\n<\/div>\n\n\n\n<div class=\"wp-block-column is-layout-flow wp-block-column-is-layout-flow\">\n<div class=\"wp-block-image\"><figure class=\"aligncenter size-medium\"><img loading=\"lazy\" decoding=\"async\" width=\"300\" height=\"300\" src=\"https:\/\/escale-coloc.fr\/wp-content\/uploads\/2022\/03\/Capture-de\u0301cran-2022-03-11-a\u0300-17.35.39-300x300.png\" alt=\"\" class=\"wp-image-114\" srcset=\"https:\/\/escale-coloc.fr\/wp-content\/uploads\/2022\/03\/Capture-de\u0301cran-2022-03-11-a\u0300-17.35.39-300x300.png 300w, https:\/\/escale-coloc.fr\/wp-content\/uploads\/2022\/03\/Capture-de\u0301cran-2022-03-11-a\u0300-17.35.39-150x150.png 150w, https:\/\/escale-coloc.fr\/wp-content\/uploads\/2022\/03\/Capture-de\u0301cran-2022-03-11-a\u0300-17.35.39.png 330w\" sizes=\"auto, (max-width: 300px) 100vw, 300px\" \/><\/figure><\/div>\n\n\n\n<div class=\"wp-block-buttons is-content-justification-center is-layout-flex wp-container-core-buttons-is-layout-16018d1d wp-block-buttons-is-layout-flex\">\n<div class=\"wp-block-button is-style-primary\"><a class=\"wp-block-button__link\" href=\"https:\/\/www.saint-nazaire-tourisme.com\/decouvrir\/decouvrir-la-mer\/place-du-commando\/\" target=\"_blank\" rel=\"noreferrer noopener\">Profitez d&rsquo;un espace d\u00e9tente <br>au bord de la mer<\/a><\/div>\n<\/div>\n<\/div>\n\n\n\n<div class=\"wp-block-column is-layout-flow wp-block-column-is-layout-flow\">\n<div class=\"wp-block-image\"><figure class=\"aligncenter size-medium\"><img loading=\"lazy\" decoding=\"async\" width=\"300\" height=\"300\" src=\"https:\/\/escale-coloc.fr\/wp-content\/uploads\/2022\/03\/Capture-de\u0301cran-2022-03-11-a\u0300-17.41.24-300x300.png\" alt=\"\" class=\"wp-image-116\" srcset=\"https:\/\/escale-coloc.fr\/wp-content\/uploads\/2022\/03\/Capture-de\u0301cran-2022-03-11-a\u0300-17.41.24-300x300.png 300w, https:\/\/escale-coloc.fr\/wp-content\/uploads\/2022\/03\/Capture-de\u0301cran-2022-03-11-a\u0300-17.41.24-150x150.png 150w, https:\/\/escale-coloc.fr\/wp-content\/uploads\/2022\/03\/Capture-de\u0301cran-2022-03-11-a\u0300-17.41.24.png 330w\" sizes=\"auto, (max-width: 300px) 100vw, 300px\" \/><\/figure><\/div>\n\n\n\n<div class=\"wp-block-buttons is-content-justification-center is-layout-flex wp-container-core-buttons-is-layout-16018d1d wp-block-buttons-is-layout-flex\">\n<div class=\"wp-block-button is-style-primary\"><a class=\"wp-block-button__link\" href=\"https:\/\/www.saint-nazaire-tourisme.com\/les-visites\/les-visites-industrielles\/chantiers-navals\/\" target=\"_blank\" rel=\"noreferrer noopener\">Plongez dans l&rsquo;ambiance des <br>d\u00e9fis de grande taille<\/a><\/div>\n<\/div>\n<\/div>\n<\/div>\n\n\n\n<p><\/p>\n\n\n\n<p><\/p>\n\n\n\n<p><\/p>\n\n\n\n<p><\/p>\n\n\n\n<p><\/p>\n\n\n\n<p><\/p>\n","protected":false},"excerpt":{"rendered":"<p>Situ\u00e9 au bord de la mer, Saint-Nazaire est une ville calme pr\u00e9sentant de nombreux \u00e9tablissements d&rsquo;enseignement sup\u00e9rieur. La colocation est situ\u00e9 \u00e0 moins de 5 minutes \u00e0 pied du paquebot num\u00e9rique, lieux h\u00e9bergeant l&rsquo;\u00e9cole d&rsquo;ing\u00e9nieur CESI ainsi que des commerces de proximit\u00e9s. La ligne de bus \u00e0 haut niveau de service H\u00e9lyce passant au pied&hellip;&nbsp;<a href=\"https:\/\/escale-coloc.fr\/index.php\/etudier-a-saint-nazaire\/\" class=\"\" rel=\"bookmark\">Lire la suite &raquo;<span class=\"screen-reader-text\">Etudier \u00e0 Saint-Nazaire<\/span><\/a><\/p>\n","protected":false},"author":1,"featured_media":88,"parent":0,"menu_order":0,"comment_status":"closed","ping_status":"closed","template":"","meta":{"neve_meta_sidebar":"","neve_meta_container":"","neve_meta_enable_content_width":"","neve_meta_content_width":0,"neve_meta_title_alignment":"","neve_meta_author_avatar":"","neve_post_elements_order":"","neve_meta_disable_header":"","neve_meta_disable_footer":"","neve_meta_disable_title":"","footnotes":""},"class_list":["post-19","page","type-page","status-publish","has-post-thumbnail","hentry"],"yoast_head":"<!-- This site is optimized with the Yoast SEO plugin v27.4 - https:\/\/yoast.com\/product\/yoast-seo-wordpress\/ -->\n<title>Etudier \u00e0 Saint-Nazaire - Escale coloc - Colocation ou location \u00e0 Saint-Nazaire (44600)<\/title>\n<meta name=\"robots\" content=\"index, follow, max-snippet:-1, max-image-preview:large, max-video-preview:-1\" \/>\n<link rel=\"canonical\" href=\"https:\/\/escale-coloc.fr\/index.php\/etudier-a-saint-nazaire\/\" \/>\n<meta property=\"og:locale\" content=\"fr_FR\" \/>\n<meta property=\"og:type\" content=\"article\" \/>\n<meta property=\"og:title\" content=\"Etudier \u00e0 Saint-Nazaire - Escale coloc - Colocation ou location \u00e0 Saint-Nazaire (44600)\" \/>\n<meta property=\"og:description\" content=\"Situ\u00e9 au bord de la mer, Saint-Nazaire est une ville calme pr\u00e9sentant de nombreux \u00e9tablissements d&rsquo;enseignement sup\u00e9rieur. La colocation est situ\u00e9 \u00e0 moins de 5 minutes \u00e0 pied du paquebot num\u00e9rique, lieux h\u00e9bergeant l&rsquo;\u00e9cole d&rsquo;ing\u00e9nieur CESI ainsi que des commerces de proximit\u00e9s. La ligne de bus \u00e0 haut niveau de service H\u00e9lyce passant au pied&hellip;&nbsp;Lire la suite &raquo;Etudier \u00e0 Saint-Nazaire\" \/>\n<meta property=\"og:url\" content=\"https:\/\/escale-coloc.fr\/index.php\/etudier-a-saint-nazaire\/\" \/>\n<meta property=\"og:site_name\" content=\"Escale coloc - Colocation ou location \u00e0 Saint-Nazaire (44600)\" \/>\n<meta property=\"article:modified_time\" content=\"2022-03-11T20:38:51+00:00\" \/>\n<meta property=\"og:image\" content=\"https:\/\/escale-coloc.fr\/wp-content\/uploads\/2022\/03\/plage-scaled.jpg\" \/>\n\t<meta property=\"og:image:width\" content=\"2560\" \/>\n\t<meta property=\"og:image:height\" content=\"638\" \/>\n\t<meta property=\"og:image:type\" content=\"image\/jpeg\" \/>\n<meta name=\"twitter:card\" content=\"summary_large_image\" \/>\n<meta name=\"twitter:label1\" content=\"Dur\u00e9e de lecture estim\u00e9e\" \/>\n\t<meta name=\"twitter:data1\" content=\"1 minute\" \/>\n<script type=\"application\/ld+json\" class=\"yoast-schema-graph\">{\"@context\":\"https:\\\/\\\/schema.org\",\"@graph\":[{\"@type\":\"WebPage\",\"@id\":\"https:\\\/\\\/escale-coloc.fr\\\/index.php\\\/etudier-a-saint-nazaire\\\/\",\"url\":\"https:\\\/\\\/escale-coloc.fr\\\/index.php\\\/etudier-a-saint-nazaire\\\/\",\"name\":\"Etudier \u00e0 Saint-Nazaire - Escale coloc - Colocation ou location \u00e0 Saint-Nazaire (44600)\",\"isPartOf\":{\"@id\":\"https:\\\/\\\/escale-coloc.fr\\\/#website\"},\"primaryImageOfPage\":{\"@id\":\"https:\\\/\\\/escale-coloc.fr\\\/index.php\\\/etudier-a-saint-nazaire\\\/#primaryimage\"},\"image\":{\"@id\":\"https:\\\/\\\/escale-coloc.fr\\\/index.php\\\/etudier-a-saint-nazaire\\\/#primaryimage\"},\"thumbnailUrl\":\"https:\\\/\\\/escale-coloc.fr\\\/wp-content\\\/uploads\\\/2022\\\/03\\\/plage-scaled.jpg\",\"datePublished\":\"2022-02-08T15:54:59+00:00\",\"dateModified\":\"2022-03-11T20:38:51+00:00\",\"breadcrumb\":{\"@id\":\"https:\\\/\\\/escale-coloc.fr\\\/index.php\\\/etudier-a-saint-nazaire\\\/#breadcrumb\"},\"inLanguage\":\"fr-FR\",\"potentialAction\":[{\"@type\":\"ReadAction\",\"target\":[\"https:\\\/\\\/escale-coloc.fr\\\/index.php\\\/etudier-a-saint-nazaire\\\/\"]}]},{\"@type\":\"ImageObject\",\"inLanguage\":\"fr-FR\",\"@id\":\"https:\\\/\\\/escale-coloc.fr\\\/index.php\\\/etudier-a-saint-nazaire\\\/#primaryimage\",\"url\":\"https:\\\/\\\/escale-coloc.fr\\\/wp-content\\\/uploads\\\/2022\\\/03\\\/plage-scaled.jpg\",\"contentUrl\":\"https:\\\/\\\/escale-coloc.fr\\\/wp-content\\\/uploads\\\/2022\\\/03\\\/plage-scaled.jpg\",\"width\":2560,\"height\":638},{\"@type\":\"BreadcrumbList\",\"@id\":\"https:\\\/\\\/escale-coloc.fr\\\/index.php\\\/etudier-a-saint-nazaire\\\/#breadcrumb\",\"itemListElement\":[{\"@type\":\"ListItem\",\"position\":1,\"name\":\"Accueil\",\"item\":\"https:\\\/\\\/escale-coloc.fr\\\/\"},{\"@type\":\"ListItem\",\"position\":2,\"name\":\"Etudier \u00e0 Saint-Nazaire\"}]},{\"@type\":\"WebSite\",\"@id\":\"https:\\\/\\\/escale-coloc.fr\\\/#website\",\"url\":\"https:\\\/\\\/escale-coloc.fr\\\/\",\"name\":\"Escale coloc - Colocation ou location \u00e0 Saint-Nazaire (44600)\",\"description\":\"Votre future colocation ou location \u00e0 Saint-Nazaire\",\"publisher\":{\"@id\":\"https:\\\/\\\/escale-coloc.fr\\\/#organization\"},\"potentialAction\":[{\"@type\":\"SearchAction\",\"target\":{\"@type\":\"EntryPoint\",\"urlTemplate\":\"https:\\\/\\\/escale-coloc.fr\\\/?s={search_term_string}\"},\"query-input\":{\"@type\":\"PropertyValueSpecification\",\"valueRequired\":true,\"valueName\":\"search_term_string\"}}],\"inLanguage\":\"fr-FR\"},{\"@type\":\"Organization\",\"@id\":\"https:\\\/\\\/escale-coloc.fr\\\/#organization\",\"name\":\"Escale coloc\",\"url\":\"https:\\\/\\\/escale-coloc.fr\\\/\",\"logo\":{\"@type\":\"ImageObject\",\"inLanguage\":\"fr-FR\",\"@id\":\"https:\\\/\\\/escale-coloc.fr\\\/#\\\/schema\\\/logo\\\/image\\\/\",\"url\":\"https:\\\/\\\/escale-coloc.fr\\\/wp-content\\\/uploads\\\/2022\\\/02\\\/logov3.png\",\"contentUrl\":\"https:\\\/\\\/escale-coloc.fr\\\/wp-content\\\/uploads\\\/2022\\\/02\\\/logov3.png\",\"width\":1453,\"height\":585,\"caption\":\"Escale coloc\"},\"image\":{\"@id\":\"https:\\\/\\\/escale-coloc.fr\\\/#\\\/schema\\\/logo\\\/image\\\/\"}}]}<\/script>\n<!-- \/ Yoast SEO plugin. -->","yoast_head_json":{"title":"Etudier \u00e0 Saint-Nazaire - Escale coloc - Colocation ou location \u00e0 Saint-Nazaire (44600)","robots":{"index":"index","follow":"follow","max-snippet":"max-snippet:-1","max-image-preview":"max-image-preview:large","max-video-preview":"max-video-preview:-1"},"canonical":"https:\/\/escale-coloc.fr\/index.php\/etudier-a-saint-nazaire\/","og_locale":"fr_FR","og_type":"article","og_title":"Etudier \u00e0 Saint-Nazaire - Escale coloc - Colocation ou location \u00e0 Saint-Nazaire (44600)","og_description":"Situ\u00e9 au bord de la mer, Saint-Nazaire est une ville calme pr\u00e9sentant de nombreux \u00e9tablissements d&rsquo;enseignement sup\u00e9rieur. La colocation est situ\u00e9 \u00e0 moins de 5 minutes \u00e0 pied du paquebot num\u00e9rique, lieux h\u00e9bergeant l&rsquo;\u00e9cole d&rsquo;ing\u00e9nieur CESI ainsi que des commerces de proximit\u00e9s. La ligne de bus \u00e0 haut niveau de service H\u00e9lyce passant au pied&hellip;&nbsp;Lire la suite &raquo;Etudier \u00e0 Saint-Nazaire","og_url":"https:\/\/escale-coloc.fr\/index.php\/etudier-a-saint-nazaire\/","og_site_name":"Escale coloc - Colocation ou location \u00e0 Saint-Nazaire (44600)","article_modified_time":"2022-03-11T20:38:51+00:00","og_image":[{"width":2560,"height":638,"url":"https:\/\/escale-coloc.fr\/wp-content\/uploads\/2022\/03\/plage-scaled.jpg","type":"image\/jpeg"}],"twitter_card":"summary_large_image","twitter_misc":{"Dur\u00e9e de lecture estim\u00e9e":"1 minute"},"schema":{"@context":"https:\/\/schema.org","@graph":[{"@type":"WebPage","@id":"https:\/\/escale-coloc.fr\/index.php\/etudier-a-saint-nazaire\/","url":"https:\/\/escale-coloc.fr\/index.php\/etudier-a-saint-nazaire\/","name":"Etudier \u00e0 Saint-Nazaire - Escale coloc - Colocation ou location \u00e0 Saint-Nazaire (44600)","isPartOf":{"@id":"https:\/\/escale-coloc.fr\/#website"},"primaryImageOfPage":{"@id":"https:\/\/escale-coloc.fr\/index.php\/etudier-a-saint-nazaire\/#primaryimage"},"image":{"@id":"https:\/\/escale-coloc.fr\/index.php\/etudier-a-saint-nazaire\/#primaryimage"},"thumbnailUrl":"https:\/\/escale-coloc.fr\/wp-content\/uploads\/2022\/03\/plage-scaled.jpg","datePublished":"2022-02-08T15:54:59+00:00","dateModified":"2022-03-11T20:38:51+00:00","breadcrumb":{"@id":"https:\/\/escale-coloc.fr\/index.php\/etudier-a-saint-nazaire\/#breadcrumb"},"inLanguage":"fr-FR","potentialAction":[{"@type":"ReadAction","target":["https:\/\/escale-coloc.fr\/index.php\/etudier-a-saint-nazaire\/"]}]},{"@type":"ImageObject","inLanguage":"fr-FR","@id":"https:\/\/escale-coloc.fr\/index.php\/etudier-a-saint-nazaire\/#primaryimage","url":"https:\/\/escale-coloc.fr\/wp-content\/uploads\/2022\/03\/plage-scaled.jpg","contentUrl":"https:\/\/escale-coloc.fr\/wp-content\/uploads\/2022\/03\/plage-scaled.jpg","width":2560,"height":638},{"@type":"BreadcrumbList","@id":"https:\/\/escale-coloc.fr\/index.php\/etudier-a-saint-nazaire\/#breadcrumb","itemListElement":[{"@type":"ListItem","position":1,"name":"Accueil","item":"https:\/\/escale-coloc.fr\/"},{"@type":"ListItem","position":2,"name":"Etudier \u00e0 Saint-Nazaire"}]},{"@type":"WebSite","@id":"https:\/\/escale-coloc.fr\/#website","url":"https:\/\/escale-coloc.fr\/","name":"Escale coloc - Colocation ou location \u00e0 Saint-Nazaire (44600)","description":"Votre future colocation ou location \u00e0 Saint-Nazaire","publisher":{"@id":"https:\/\/escale-coloc.fr\/#organization"},"potentialAction":[{"@type":"SearchAction","target":{"@type":"EntryPoint","urlTemplate":"https:\/\/escale-coloc.fr\/?s={search_term_string}"},"query-input":{"@type":"PropertyValueSpecification","valueRequired":true,"valueName":"search_term_string"}}],"inLanguage":"fr-FR"},{"@type":"Organization","@id":"https:\/\/escale-coloc.fr\/#organization","name":"Escale coloc","url":"https:\/\/escale-coloc.fr\/","logo":{"@type":"ImageObject","inLanguage":"fr-FR","@id":"https:\/\/escale-coloc.fr\/#\/schema\/logo\/image\/","url":"https:\/\/escale-coloc.fr\/wp-content\/uploads\/2022\/02\/logov3.png","contentUrl":"https:\/\/escale-coloc.fr\/wp-content\/uploads\/2022\/02\/logov3.png","width":1453,"height":585,"caption":"Escale coloc"},"image":{"@id":"https:\/\/escale-coloc.fr\/#\/schema\/logo\/image\/"}}]}},"_links":{"self":[{"href":"https:\/\/escale-coloc.fr\/index.php\/wp-json\/wp\/v2\/pages\/19","targetHints":{"allow":["GET"]}}],"collection":[{"href":"https:\/\/escale-coloc.fr\/index.php\/wp-json\/wp\/v2\/pages"}],"about":[{"href":"https:\/\/escale-coloc.fr\/index.php\/wp-json\/wp\/v2\/types\/page"}],"author":[{"embeddable":true,"href":"https:\/\/escale-coloc.fr\/index.php\/wp-json\/wp\/v2\/users\/1"}],"replies":[{"embeddable":true,"href":"https:\/\/escale-coloc.fr\/index.php\/wp-json\/wp\/v2\/comments?post=19"}],"version-history":[{"count":19,"href":"https:\/\/escale-coloc.fr\/index.php\/wp-json\/wp\/v2\/pages\/19\/revisions"}],"predecessor-version":[{"id":135,"href":"https:\/\/escale-coloc.fr\/index.php\/wp-json\/wp\/v2\/pages\/19\/revisions\/135"}],"wp:featuredmedia":[{"embeddable":true,"href":"https:\/\/escale-coloc.fr\/index.php\/wp-json\/wp\/v2\/media\/88"}],"wp:attachment":[{"href":"https:\/\/escale-coloc.fr\/index.php\/wp-json\/wp\/v2\/media?parent=19"}],"curies":[{"name":"wp","href":"https:\/\/api.w.org\/{rel}","templated":true}]}}